 = -2*f - 115 + 60 + f**3 + 54 + 3*f**2. What is t(-3)?
5
Let u(p) = p**2 + 7*p + 4. Suppose 5*s - 5*b = -6 - 19, 0 = b + 1. Determine u(s).
-2
Let d(o) be the first derivative of -o**2 - 9*o + 0*o**2 + 1 + 2*o**2. Calculate d(6).
3
Let n(p) = -p**3 + 3*p**2 - 2. Let g be (-1)/(-4) + (-69)/(-12). Let m = g + -4. What is n(m)?
2
Suppose -7*w - 10 = -5*w. Let x(o) = o**2 + 6*o. Determine x(w).
-5
Let k(t) = t**3 - 7*t**2 + 7*t - 8. Let x(j) = j**2 + 8*j + 9. Let v be x(-7). Let s(h) = -h**v - 4*h**2 + 7*h**3 + 4*h**2. Let n be s(1). Determine k(n).
-2
Let u(t) be the second derivative of t**5/20 - t**4/3 + t**3/2 - t**2/2 + t. What is u(2)?
-3
Let h(o) = 22*o**3 - o**2 + 1. Let b(d) = d**3 + d + 1. Let j be b(0). Give h(j).
22
Let s(z) = -2*z**3 + z. Let o(p) = p**3 + 5*p**2 + 5*p - 1. Let i be o(-4). Let x = i + 6. What is s(x)?
-1
Let h(m) = -m**3 + m + 53. Let s be h(0). Suppose 4*z + 52 = 4*q, -6*q + 2*q + 5*z = -s. Let l(b) = 0*b - 13*b**2 + q*b**2 + 2*b + 1. Determine l(-1).
-2
Suppose -4*z = 4*s - s, 3*z = 3*s. Suppose 2*w + 4 = 8. Let c(d) = w*d + 4*d + s*d - d**2. Determine c(3).
9
Suppose 4*p - 4 = -0*p + x, 5*x = -3*p - 20. Let t(r) be the third derivative of -1/24*r**4 + p*r - 3*r**2 + 0 + 1/2*r**3. Determine t(-3).
6
Let b(a) = 5*a**2 + 11*a + 6. Let u(l) = l**2 + l + 1. Let i(h) = -b(h) + 6*u(h). Let w be 10/(1/(0 + -1)). Let s = -6 - w. What is i(s)?
-4
Let z(r) = -11*r**2 - 32*r + 23. Let a(h) = -4*h**2 - 11*h + 8. Let x(g) = -8*a(g) + 3*z(g). Let f be x(-8). Let y(b) = -b**3 + 4*b**2 + 5*b - 3. Give y(f).
-3
Let c = -127 - -118. Let h(a) = -2*a - 7. Give h(c).
11
Suppose m - 7 = -v, -2 = v - 7. Suppose m*j = -0*j. Let a(h) = -h**3 + 7. What is a(j)?
7
Let j(d) be the second derivative of d**6/180 + d**4/12 - d**3/2 + 2*d. Let l(m) be the second derivative of j(m). Calculate l(-2).
10
Let q(y) = y + 1. Let r = 4 + -9. Determine q(r).
-4
Let c(j) = j**3 - 5*j**2 - 8*j + 9. Let a be c(6). Let d = -1 - a. Let i(r) = -r**3 + 3*r**2 + 3*r - 3. Give i(d).
7
Let n(q) = -4*q. Let y(a) = a**3 - 4*a**2 + a + 2. Let c be y(4). Let f(r) be the first derivative of -r**3/3 + 3*r**2 + 2*r + 2. Let u be f(c). What is n(u)?
-8
Let s(z) = -19*z - 6*z**2 - 13*z**2 + 15 + 17*z**2. Let p(m) = m**2 + 9*m - 7. Let y(c) = 9*p(c) + 4*s(c). Determine y(-5).
-3
Suppose -o = 4 - 0. Let s(x) = -5*x**3 + 15*x**2 - 4*x - 3. Let y(k) = 3*k**3 - 8*k**2 + 2*k + 1. Let q(d) = -4*s(d) - 7*y(d). What is q(o)?
-3
Let t(k) be the first derivative of -4*k + 3*k - 2*k**2 + 0*k**2 + 3. Give t(1).
-5
Let s(t) = -t**3 + 7*t**2 - 5*t - 2. Let a be s(6). Let p(n) be the second derivative of -n + 0 - 1/3*n**3 + 3/2*n**2. What is p(a)?
-5
Let l be -3*2/(-1 - 1). Let m(i) = -4*i + 7*i**l - 5 + 6 + 2*i. Calculate m(1).
6
Suppose -b = 5*d, 0*b - 2*b = 3*d + 14. Let y(p) = p**3 + 10*p**2 - p - 3. Let o be y(b). Let r(v) = v**2 - 8*v - 5. What is r(o)?
-12
Let p be (15/12)/(2/8). Let q(w) = 5*w**3 + 17*w**2 + 9*w - 3. Let u(y) = 3*y**3 + 9*y**2 + 5*y - 1. Let l(o) = 4*q(o) - 7*u(o). Give l(p).
0
Let r be 13/4 + (-5)/20. Let v(u) = u**2 + 0*u**3 + 1 - u + u**3 - 2*u**r. Suppose 3*k - 4 = 2. What is v(k)?
-5
Let i(t) = -2*t**2 + 3*t + 2. Let d(b) = -6*b**2 + 9*b + 5. Let v(l) = -4*d(l) + 11*i(l). What is v(2)?
4
Let c(x) be the first derivative of 1/60*x**5 + 2/3*x**3 + 2 + 0*x + 2*x**2 + 1/4*x**4. Let y(k) be the second derivative of c(k). Calculate y(-6).
4
Let k(v) be the second derivative of -v**4/12 - 5*v**3/6 + 11*v. Give k(-6).
-6
Let a(s) = s - 3. Let v(x) = -x + 2. Let i(m) = -7*a(m) - 6*v(m). Give i(6).
3
Let b(x) be the second derivative of x**5/120 - x**4/24 + x**3/2 - 3*x. Let g(p) be the second derivative of b(p). Calculate g(1).
0
Let j(z) = z - 15. Let q(v) be the first derivative of v**2/2 - 22*v + 2. Let x(p) = -7*j(p) + 5*q(p). What is x(-4)?
3
Let t(o) = o**2 + o + 2. Suppose 19*r - 23*r = 0. Give t(r).
2
Let a(c) = -5*c + 2. Let s be (18/(-30))/(2/20*-2). Determine a(s).
-13
Let b(l) be the third derivative of 2*l**2 + l**3 - 1/120*l**6 - 1/15*l**5 + 0 + 0*l + 1/4*l**4. Give b(-5).
1
Suppose 5*p - g + 1 = 0, 2*g - 1 - 1 = 5*p. Suppose 0 = 2*x - 0*x + 6, p = 3*h + 3*x + 21. Let j(q) = -2*q - 2. Determine j(h).
6
Let z(o) = -9 + 11*o - 4*o + 3 - 8*o. Determine z(5).
-11
Let z(x) = 2*x + 1. Suppose 4 = p - 0. Suppose 5*m = -3*y + 8 - 1, -5*m = -p*y + 21. Suppose 7*b = y*b - 12. Calculate z(b).
-7
Let x(s) = -s**3 - 4*s**2 - 4*s - 4. Let p = -8 - -11. Let b = -7 + p. Give x(b).
12
Let y(p) = p - 4. Let f be 6 - (0 + 2 - 4). Suppose -2*m - 36 = -4*l + 3*m, -4*l + f = 2*m. Calculate y(l).
0
Let s(b) be the second derivative of b**4/12 + 2*b**3/3 + b**2/2 - 53*b. Calculate s(-4).
1
Let k(l) = -5*l**2 + l + 13*l**2 + 6 + 4*l**3 + 5*l**3. Let a(c) = -8*c**3 - 7*c**2 - c - 5. Let y(f) = 6*a(f) + 5*k(f). Give y(-1).
2
Let s(l) = 6*l**2 + l - 1. Let m(j) = j**2. Let q be m(-1). Determine s(q).
6
Let j(i) be the third derivative of -i**7/420 - i**6/360 - i**3/2 + 3*i**2. Let p(q) be the first derivative of j(q). Give p(-1).
1
Let a(m) = 4*m. Let v be 46/(-14) + (-2)/(-7). Let l be 1*(v - -2) - 0. What is a(l)?
-4
Let c(j) be the first derivative of 1/3*j**3 + 2 - 1/2*j**2 + j - 3/2*j**4. Suppose 0*r = 4*r - 4. Give c(r).
-5
Let q(i) = 3 - 3*i**2 + 4*i**2 - 2*i + 0*i**2. Give q(3).
6
Let d(t) be the second derivative of 0 - 1/2*t**3 + 3/20*t**5 - 1/12*t**4 + 3/2*t**2 + 3*t. What is d(2)?
17
Let d(v) be the third derivative of -5*v**4/24 + v**3/2 + 8*v**2. What is d(5)?
-22
Let a(f) be the second derivative of -f**5/20 + f**4/3 + 3*f**2/2 - 3*f. Suppose 2*i - 2*x = -i + 68, i - 8 = -3*x. Suppose -6*t + i = -t. What is a(t)?
3
Let b(g) = 2*g**3 - 2*g**2 - 2*g + 1. Suppose 3*k - 2*h - 6 = -5*h, 3*k - 2*h = 21. Let r = k - 8. Let u = 5 + r. What is b(u)?
5
Suppose -5*s = 5*o + 20, -5 = -2*o + 5*s + 8. Let r(i) = 0*i + 1 + i + i**2 + 5*i**2. What is r(o)?
6
Let v(g) = -5*g**2 + g. Let x = 17 - 11. Suppose -5*n - 25 = -d, -2*d + 2 = -8. Let f be (4/x)/(n/6). Calculate v(f).
-6
Let w(x) be the first derivative of -x**4/4 - 4*x**3/3 - x**2/2 + 5*x + 40. Calculate w(-4).
9
Let w = 3 - 5. Let r be 3/6*w + 0. Let t(o) = -9*o**3 - 2*o**2 + 1. What is t(r)?
8
Let v be (-6)/(-15) + 21/(-15). Let w(l) = 13*l + 5. Let j(m) be the third derivative of -m**4/8 - m**3/6 + 2*m**2. Let y(b) = 9*j(b) + 2*w(b). Give y(v).
2
Let i(k) = k - 3. Let v = -4 - -11. What is i(v)?
4
Let v(c) = c**2 - 3. Let f be v(-3). Suppose 3*r + 3*y = f, -2*r + 0*r - 10 = -5*y. Let w(i) = -i**2 - i + 9. Give w(r).
9
Suppose 2*j - 5*j = 0. Let m(z) = z**3 + z - 11. Give m(j).
-11
Let p(f) = f**2 - 1. Let x(h) = 5*h**2 - h - 6. Let l(k) = 6*p(k) - x(k). Let y(c) = -c**3 - 7*c**2 - 7*c - 1. Let z be y(-6). Let j = z + -3. Give l(j).
6
Let a be 1/(1/2) - 4. Let t(w) = -2. Let n = 0 - 3. Let b(j) = j - 2. Let s(v) = n*t(v) + 2*b(v). Calculate s(a).
-2
Let n(i) = -i. Let j be n(4). Let f(t) = 0*t**3 + 2 + t**3 + 3*t**2 - 5*t + 0. Give f(j).
6
Let g(c) be the third derivative of c**6/120 + c**5/10 + 2*c**3/3 - 2*c**2. Calculate g(-6).
4
Let z(r) = -r + 9. Let v(h) = -3*h + 26. Let f(j) = 3*v(j) - 8*z(j). What is f(9)?
-3
Let s be (0/(-1 + -1))/2. Let p = s - 5. Let w(c) = -c**2 - 7*c - 3. What is w(p)?
7
Let a be 7 + -5 + (1 - -1). Let z = 0 + a. Let l(s) = -s**3 + 4*s**2 + 3*s - 4. Calculate l(z).
8
Let a(f) = f**3 + 4*f**2 - 5*f + 3. Let k be 8*(1 - 2/4). Suppose -9 - 11 = k*y. Give a(y).
3
Let v = 11 - -19. Suppose -5*d - 2*a = -v, 3 = 5*d - 3*a - 2. Let n(u) = u**3 - 3*u**2 - 5*u - 2. Calculate n(d).
-6
Let v(c) = 2*c + 6. Let s(g) = -g**3 - 4*g**2 - 4. Let a be s(-4). Calculate v(a).
-2
Let l(x) = -x**3 - 2*x**2 + 5*x + 4. Suppose 0 = -w + 1 - 0. Let y(f) = 4*f - 2*f + w + 0. Let d be y(-2). What is l(d)?
-2
Suppose -p - 12 = -5*p. Let j be (1 - p) + 9/3. Let f(k) = -3*k**3 + k**2 - k + 1. Give f(j).
-2
Let c = 20 + -5. Let h = c - 18. Let t(z) = -3*z**2 + 3*z + 1 - 2*z**2 + 7*z**2. Give t(h).
10
Let t(b) = -b - 5. Let a be t(-7). Let d(x) = -11*x - x**a + 2*x**2 + 7*x. Calculate d(6).
12
Let a(h) = h + 2. Let q be a(0). Let b(i) be the second derivative of -i**5/20 + i**4/4 - i**3/6 - i**2 + 2*i. What is b(q)?
0
Let r(v) = -2*v + 4. Let a(q) = q - 2. Let l(p) = 7*a(p) + 3*r(p). Let n be (-3)/(-6) + (-6)/(-4). Suppose